ctors of 251912?
2, 31489
What are the prime factors of 17493112?
2, 7, 13, 24029
What are the prime factors of 15267956?
2, 11, 353, 983
What are the prime factors of 7702748?
2, 29, 66403
What are the prime factors of 262238?
2, 19, 67, 103
List the prime factors of 10809045.
3, 5, 13, 2053
What are the prime factors of 219094?
2, 109547
List the prime factors of 110833.
137, 809
List the prime factors of 314648.
2, 37, 1063
What are the prime factors of 8342050?
2, 5, 166841
What are the prime factors of 1348314?
2, 3, 11, 31, 659
What are the prime factors of 544031?
544031
What are the prime factors of 6178981?
6178981
List the prime factors of 22694868.
2, 3, 7, 90059
What are the prime factors of 1390115?
5, 29, 9587
What are the prime factors of 9908534?
2, 4954267
List the prime factors of 2412713.
29, 271, 307
What are the prime factors of 18452396?
2, 4613099
What are the prime factors of 16675358?
2, 7, 1191097
What are the prime factors of 1370409?
3, 23, 19861
What are the prime factors of 10699046?
2, 89, 60107
What are the prime factors of 1676563?
7, 239509
What are the prime factors of 3525984?
2, 3, 7, 11, 53
List the prime factors of 1283739.
3, 427913
List the prime factors of 39083754.
2, 3, 1493, 4363
What are the prime factors of 11106203?
19, 41, 53, 269
List the prime factors of 5644872.
2, 3, 78401
What are the prime factors of 13129048?
2, 1641131
What are the prime factors of 8549929?
17, 502937
What are the prime factors of 1956057?
3, 652019
What are the prime factors of 22357589?
379, 58991
What are the prime factors of 1341982?
2, 670991
What are the prime factors of 650832?
2, 3, 7, 13, 149
What are the prime factors of 5215504?
2, 7, 46567
What are the prime factors of 2747251?
13, 17, 31, 401
List the prime factors of 20651561.
7, 2950223
List the prime factors of 9400122.
2, 3, 522229
List the prime factors of 6825516.
2, 3, 41, 13873
What are the prime factors of 23139785?
5, 41, 112877
List the prime factors of 2966721.
3, 17, 58171
List the prime factors of 2282097.
3, 17, 29, 1543
What are the prime factors of 1287658?
2, 29, 149
What are the prime factors of 882063?
3, 7, 13, 359
What are the prime factors of 104810?
2, 5, 47, 223
What are the prime factors of 2099258?
2, 7, 31, 691
What are the prime factors of 481199?
481199
What are the prime factors of 5445213?
3, 101, 17971
What are the prime factors of 336491?
336491
List the prime factors of 504.
2, 3, 7
List the prime factors of 5767011.
3, 167, 1279
What are the prime factors of 4985568?
2, 3, 7, 2473
What are the prime factors of 191256?
2, 3, 13, 613
What are the prime factors of 2099061?
3, 77743
What are the prime factors of 19770610?
2, 5, 41, 48221
List the prime factors of 1710621.
3, 11, 37, 467
What are the prime factors of 1050601?
197, 5333
List the prime factors of 46297.
67, 691
List the prime factors of 17518506.
2, 3, 331, 8821
List the prime factors of 3768421.
269, 14009
List the prime factors of 563303.
13, 43331
List the prime factors of 276224.
2, 13, 83
What are the prime factors of 18607260?
2, 3, 5, 7, 6329
What are the prime factors of 304588?
2, 76147
List the prime factors of 2356102.
2, 7, 168293
What are the prime factors of 3963142?
2, 17, 41, 2843
What are the prime factors of 30184398?
2, 3, 1676911
What are the prime factors of 163480?
2, 5, 61, 67
What are the prime factors of 659568?
2, 3, 7, 13, 151
List the prime factors of 8719802.
2, 7, 13, 47911
What are the prime factors of 3908750?
2, 5, 53, 59
What are the prime factors of 4886501?
4886501
List the prime factors of 7710011.
821, 9391
List the prime factors of 600805.
5, 107, 1123
What are the prime factors of 9293271?
3, 13, 17, 107, 131
What are the prime factors of 589217?
31, 83, 229
What are the prime factors of 6355123?
41, 155003
List the prime factors of 387417.
3, 89, 1451
What are the prime factors of 70273?
7, 10039
What are the prime factors of 744338?
2, 7, 79, 673
List the prime factors of 2072590.
2, 5, 13, 107, 149
List the prime factors of 1740315.
3, 5, 181, 641
What are the prime factors of 2790522?
2, 3, 7, 22147
List the prime factors of 1206573.
3, 89, 4519
What are the prime factors of 31337?
31337
What are the prime factors of 226248?
2, 3, 11, 857
List the prime factors of 1776083.
23, 31, 47, 53
List the prime factors of 1700666.
2, 11, 23, 3361
List the prime factors of 1071272.
2, 17, 7877
List the prime factors of 137423.
11, 13, 31
What are the prime factors of 433210?
2, 5, 43321
What are the prime factors of 6010878?
2, 3, 19, 52727
What are the prime factors of 20740643?
7, 11, 31, 8689
What are the prime factors of 925692?
2, 3, 77141
What are the prime factors of 2869572?
2, 3, 23, 37, 281
What are the prime factors of 50436?
2, 3, 467
What are the prime factors of 296215?
5, 59243
List the prime factors of 8717531.
8717531
List the prime factors of 4858532.
2, 7, 17, 59, 173
What are the prime factors of 252447?
3, 13, 6473
List the prime factors of 857885.
5, 7, 127, 193
What are the prime factors of 3015793?
11, 274163
What are the prime factors of 12577957?
7, 107, 2399
What are the prime factors of 3495120?
2, 3, 5, 14563
What are the prime factors of 2680066?
2, 1340033
List the prime factors of 770816.
2, 3011
What are the prime factors of 16718625?
3, 5, 7, 11, 193
What are the prime factors of 7965691?
29, 274679
What are the prime factors of 682837?
31, 22027
What are the prime factors of 14648593?
14648593
List the prime factors of 121993.
121993
List the prime factors of 45820496.
2, 67, 42743
List the prime factors of 3280509.
3, 29, 12569
What are the prime factors of 18800462?
2, 19, 494749
List the prime factors of 5950308.
2, 3, 7, 13, 5449
List the prime factors of 381464.
2, 41, 1163
List the prime factors of 5677303.
17, 333959
What are the prime factors of 1262315?
5, 252463
What are the prime factors of 646719?
3, 215573
List the prime factors of 4413657.
3, 1471219
List the prime factors of 62.
2, 31
What are the prime factors of 1973096?
2, 246637
What are the prime factors of 527828?
2, 7, 2693
What are the prime factors of 75974?
2, 37987
What are the prime factors of 17993078?
2, 8996539
List the prime factors of 184569.
3, 7, 11, 17, 47
List the prime factors of 579746.
2, 89, 3257
List the prime factors of 196977.
3, 11, 47, 127
List the prime factors of 2248976.
2, 367, 383
What are the prime factors of 353039?
17, 19, 1093
List the prime factors of 152641.
152641
What are the prime factors of 4149158?
2, 13, 53, 3011
List the prime factors of 16077066.
2, 3, 2679511
List the prime factors of 2175582.
2, 3, 71, 5107
What are the prime factors of 4705648?
2, 294103
What are the prime factors of 180354?
2, 3, 30059
List the prime factors of 44260.
2, 5, 2213
What are the prime factors of 2052497?
23, 233, 383
List the prime factors of 6803063.
6803063
What are the prime factors of 589517?
181, 3257
List the prime factors of 4457730.
2, 3, 5, 139, 1069
What are the prime factors of 2961034?
2, 1480517
What are the prime factors of 114019?
17, 19, 353
List the prime factors of 786892.
2, 127, 1549
What are the prime factors of 41227?
41227
List the prime factors of 2778237.
3, 7, 11, 19, 211
What are the prime factors of 4215012?
2, 3, 197, 1783
What are the prime factors of 9231?
3, 17, 181
What are the prime factors of 952648?
2, 193, 617
List the prime factors of 1004098.
2, 89, 5641
What are the prime factors of 3427241?
71, 48271
List the prime factors of 2808154.
2, 877, 1601
List the prime factors of 347918.
2, 73, 2383
List the prime factors of 14212597.
7, 23, 12611
What are the prime factors of 293769?
3, 7, 4663
List the prime factors of 195207.
3, 31, 2099
List the prime factors of 326308.
2, 29, 97
List the prime factors of 10279089.
3, 380707
What are the prime factors of 564305?
5, 7, 23, 701
What are the prime factors of 192967?
17, 11351
List the prime factors of 472430.
2, 5, 7, 17, 397
List the prime factors of 247676.
2, 11, 13, 433
What are the prime factors of 8742244?
2, 7, 43, 53, 137
List the prime factors of 1792892.
2, 59, 71, 107
What are the prime factors of 212798?
2, 103, 1033
List the prime factors of 167359.
29, 199
List the prime factors of 466293.
3, 17,